.
115
What is the greatest common factor of 14184 and 3816?
72
Calculate the highest common factor of 12654 and 2368.
74
What is the highest common divisor of 20490 and 11611?
683
Calculate the highest common factor of 2222 and 131906.
202
What is the greatest common divisor of 3444 and 102396?
84
Calculate the greatest common factor of 2032 and 92.
4
Calculate the greatest common divisor of 2146016 and 14328.
1592
Calculate the highest common divisor of 423 and 59868.
9
Calculate the greatest common divisor of 342 and 63004.
38
What is the greatest common factor of 16583 and 224231?
721
What is the greatest common divisor of 183646 and 6?
2
Calculate the highest common divisor of 24817 and 363623.
1079
What is the greatest common factor of 2322 and 3526?
86
Calculate the greatest common divisor of 244 and 1136064.
244
Calculate the greatest common divisor of 44 and 5786242.
22
What is the greatest common divisor of 126 and 3123?
9
What is the greatest common factor of 21 and 851151?
21
What is the highest common factor of 110961 and 9?
9
What is the highest common factor of 78356 and 8474?
38
Calculate the greatest common factor of 20 and 70310.
10
Calculate the highest common divisor of 4531 and 9653.
197
What is the greatest common divisor of 612 and 21?
3
Calculate the highest common divisor of 318042 and 414.
18
What is the highest common factor of 42434 and 365452?
866
Calculate the highest common divisor of 1635 and 10464.
327
Calculate the highest common divisor of 210736 and 48.
16
Calculate the greatest common divisor of 1345108 and 151.
151
What is the greatest common divisor of 4 and 1531?
1
Calculate the greatest common divisor of 133 and 809894.
19
Calculate the greatest common divisor of 1841 and 3703.
7
Calculate the greatest common divisor of 171 and 2622.
57
What is the greatest common factor of 36332 and 345740?
1172
What is the greatest common factor of 11760 and 197680?
560
Calculate the greatest common factor of 70 and 1685152.
14
What is the greatest common divisor of 11 and 21215942?
11
Calculate the highest common divisor of 337022 and 362.
362
Calculate the highest common divisor of 6 and 141123.
3
What is the highest common factor of 2660 and 1550?
10
What is the highest common divisor of 3417 and 27999?
51
Calculate the greatest common factor of 1448640 and 960.
960
Calculate the highest common divisor of 25978822 and 2363.
2363
What is the greatest common factor of 825 and 3894?
33
What is the greatest common divisor of 70 and 193690?
70
Calculate the highest common factor of 4653 and 12573.
99
Calculate the highest common divisor of 27 and 6120.
9
Calculate the greatest common factor of 408 and 16779.
51
What is the greatest common divisor of 1150 and 195385?
115
Calculate the greatest common factor of 2305 and 2160.
5
What is the greatest common factor of 4164127 and 1661?
1661
What is the highest common divisor of 117 and 481?
13
Calculate the highest common divisor of 292358 and 11.
11
What is the greatest common factor of 5800 and 35148?
116
Calculate the greatest common divisor of 1964 and 247.
1
Calculate the highest common divisor of 2262 and 208.
26
What is the greatest common divisor of 6105 and 20570?
55
Calculate the greatest common factor of 14 and 198478.
14
What is the greatest common factor of 510 and 389670?
30
What is the highest common factor of 1650 and 624900?
150
Calculate the highest common factor of 12 and 1470684.
12
Calculate the greatest common divisor of 4940196 and 12.
12
What is the highest common factor of 37684 and 32?
4
Calculate the highest common factor of 72874 and 2822.
166
Calculate the highest common factor of 195277 and 7.
1
Calculate the greatest common factor of 4033016 and 338.
338
Calculate the highest common factor of 36 and 42096.
12
What is the greatest common factor of 39 and 55549?
13
What is the greatest common divisor of 6966938 and 22?
22
What is the greatest common divisor of 31080 and 407?
37
What is the greatest common divisor of 672 and 32676?
84
What is the highest common factor of 194632 and 104?
8
What is the greatest common divisor of 257570 and 1720?
430
What is the highest common factor of 81668 and 1224?
68
What is the greatest common divisor of 17251 and 91?
13
Calculate the highest common divisor of 22351 and 62.
31
What is the greatest common factor of 233445 and 4740?
1185
Calculate the highest common divisor of 2048 and 84608.
128
What is the highest common factor of 182436 and 16836?
276
What is the highest common factor of 5434 and 65494?
286
Calculate the greatest common divisor of 238 and 6290.
34
What is the highest common factor of 1358916 and 496?
124
What is the highest common divisor of 9567 and 461342?
1063
Calculate the greatest common factor of 355442 and 138.
46
What is the highest common divisor of 7901444 and 268?
268
Calculate the highest common factor of 49256 and 14279.
131
What is the greatest common factor of 395577 and 69?
69
Calculate the highest common factor of 9516 and 312.
156
What is the greatest common factor of 149 and 328247?
149
Calculate the greatest common factor of 940376 and 61.
61
Calculate the highest common factor of 59 and 2312269.
59
What is the greatest common factor of 2574 and 2977?
13
What is the highest common divisor of 2088 and 6003?
261
Calculate the highest common divisor of 125 and 1429375.
125
Calculate the greatest common factor of 38005 and 2.
1
Calculate the highest common factor of 4851 and 27621.
99
What is the highest common factor of 56327 and 7900?
79
What is the greatest common divisor of 3096266 and 94?
94
Calculate the highest common divisor of 10 and 1246475.
5
What is the greatest common divisor of 134 and 1438021?
67
What is the greatest common divisor of 640 and 4840?
40
Calculate the greatest common factor of 18164 and 185464.
956
Calculate the highest common divisor of 2736 and 22116.
228
What is the highest common divisor of 248 and 35092?
124
What is the highest common divisor of 6300 and 98364?
84
Calculate the greatest common divisor of 3081 and 711.
237
Calculate the greatest common divisor of 558240 and 9.
3
Calculate the greatest common divisor of 237 and 538701.
237
Calculate the greatest common factor of 92371 and 7668.
71
What is the greatest common factor of 9614 and 115?
23
Calculate the greatest common divisor of 14937 and 91.
13
Calculate the highest common factor of 241521 and 1953.
651
What is the greatest common divisor of 100665 and 435?
15
What is the highest common factor of 441 and 412839?
63
What is the greatest common divisor of 990 and 7645?
55
What is the highest common factor of 4 and 71560?
4
Calculate the greatest common divisor of 742 and 1457924.
106
What is the greatest common divisor of 15705 and 3555?
45
What is the greatest common factor of 345 and 39445?
115
What is the highest common factor of 504 and 211104?
72
Calculate the highest common divisor of 3165 and 615.
15
Calculate the greatest common factor of 115498 and 86.
86
Calculate the highest common divisor of 348 and 14703.
87
What is the highest common divisor of 8 and 218332?
4
Calculate the greatest common divisor of 130 and 18785.
65
Calculate the greatest common divisor of 4092 and 4488.
132
Calculate the highest common divisor of 218 and 574.
2
What is the greatest common factor of 639551 and 11?
11
Calculate the greatest common divisor of 9 and 5088141.
9
Calculate the highest common divisor of 360828 and 26.
26
What is the highest common divisor of 37233 and 19278?
189
Calculate the highest common divisor of 3624 and 43560.
24
Calculate the greatest common factor of 88968 and 1254.
66
What is the greatest common factor of 12938618 and 308?
154
Calculate the greatest common divisor of 63 and 1539.
9
Calculate the highest common divisor of 70 and 368270.
70
Calculate the greatest common factor of 95648 and 1078.
98
Calculate the highest common factor of 77885 and 333.
37
Calculate the highest common divisor of 6119 and 2320.
29
What is the highest common divisor of 14089 and 73?
73
What is the highest common divisor of 307518 and 963?
321
Calculate the highest common divisor of 440 and 26048.
88
Calculate the highest common factor of 1290 and 130665.
15
Calculate the highest commo